{"id":31647,"date":"2026-04-28T16:53:33","date_gmt":"2026-04-28T20:53:33","guid":{"rendered":"https:\/\/randonnee.ca\/?post_type=tribe_events&#038;p=31647"},"modified":"2026-04-28T17:34:40","modified_gmt":"2026-04-28T21:34:40","slug":"promenades-urbaines-notre-dame-de-grace","status":"publish","type":"tribe_events","link":"https:\/\/randonnee.ca\/fr\/event\/promenades-urbaines-notre-dame-de-grace\/","title":{"rendered":"Promenades urbaines &#8211; Notre-Dame-de-Grace"},"content":{"rendered":"<h2><span style=\"color: #339933;\">Notre-Dame-de-Grace<\/span><\/h2>\n<h2><span style=\"color: #339933;\">Samedi 2 mai 2026<\/span><\/h2>\n<p><strong>Heure de rencontre: 10 h<\/strong><br \/>\n<strong>Dur\u00e9e: Environ 2 heures<\/strong><br \/>\n<strong>Distance: 4 km<\/strong><br \/>\n<strong>Point de rencontre: Point de rencontre: M\u00e9tro Vend\u00f4me (rendez-vous devant les tourniquets \u00e0 la sortie de la b\u00e2tisse originale sur le boulevard de Maisonneuve) <\/strong><\/p>\n<p>Cette marche vous fera d\u00e9couvrir un beau quartier multiethnique o\u00f9 se m\u00eale maisons r\u00e9sidentielles, caf\u00e9s, boutiques et espaces de verdure. On y trouve aussi le district de Saint-Raymond commun\u00e9ment appeler \u00ab petite Italie \u00bb de Notre-Dame-de-Grace d\u00fb a sa population italienne nombreuse et influente. Vous y d\u00e9couvrirez, entre autres, le beau parc Girouard, le Monast\u00e8re des P\u00e8res Dominicains, le Centre de Sant\u00e9 Universitaire McGill (site Glen) et de belles grandes rues o\u00f9 il est agr\u00e9able de se promener.<\/p>\n<p>Visitez notre <a href=\"http:\/\/randonnee-city1.wikidot.com\/\" target=\"_blank\" rel=\"noopener noreferrer\">Wiki (Promenades urbaines)<\/a> pour vous inscrire \u00e0 la sortie de cette semaine.<\/p>\n","protected":false},"excerpt":{"rendered":"<p>Notre-Dame-de-Grace Samedi 2 mai 2026 Heure de rencontre: 10 h Dur\u00e9e: Environ 2 heures Distance: 4 km Point de rencontre: Point de rencontre: M\u00e9tro Vend\u00f4me (rendez-vous devant les tourniquets \u00e0 la sortie de la b\u00e2tisse originale sur le boulevard de Maisonneuve) Cette marche vous fera d\u00e9couvrir un beau quartier multiethnique o\u00f9 se m\u00eale maisons r\u00e9sidentielles, caf\u00e9s, boutiques et espaces de verdure. On y trouve aussi le district de Saint-Raymond commun\u00e9ment appeler \u00ab petite Italie \u00bb de Notre-Dame-de-Grace d\u00fb a sa population italienne nombreuse et influente. Vous y d\u00e9couvrirez, entre autres, le beau parc Girouard, le Monast\u00e8re des P\u00e8res Dominicains, le&#8230; <\/p>\n","protected":false},"author":134,"featured_media":31645,"comment_status":"closed","ping_status":"closed","template":"","meta":{"_tribe_events_status":"","_tribe_events_status_reason":"","_tribe_events_is_hybrid":"","_tribe_events_is_virtual":"","_tribe_events_virtual_video_source":"","_tribe_events_virtual_embed_video":"","_tribe_events_virtual_linked_button_text":"","_tribe_events_virtual_linked_button":"","_tribe_events_virtual_show_embed_at":"","_tribe_events_virtual_show_embed_to":[],"_tribe_events_virtual_show_on_event":"","_tribe_events_virtual_show_on_views":"","_tribe_events_virtual_url":""},"tags":[],"tribe_events_cat":[131,112],"publishpress_future_action":{"enabled":true,"date":"2026-05-03 16:49:56","action":"draft","terms":[0],"taxonomy":"tribe_events_cat"},"_links":{"self":[{"href":"https:\/\/randonnee.ca\/fr\/wp-json\/wp\/v2\/tribe_events\/31647"}],"collection":[{"href":"https:\/\/randonnee.ca\/fr\/wp-json\/wp\/v2\/tribe_events"}],"about":[{"href":"https:\/\/randonnee.ca\/fr\/wp-json\/wp\/v2\/types\/tribe_events"}],"author":[{"embeddable":true,"href":"https:\/\/randonnee.ca\/fr\/wp-json\/wp\/v2\/users\/134"}],"replies":[{"embeddable":true,"href":"https:\/\/randonnee.ca\/fr\/wp-json\/wp\/v2\/comments?post=31647"}],"version-history":[{"count":2,"href":"https:\/\/randonnee.ca\/fr\/wp-json\/wp\/v2\/tribe_events\/31647\/revisions"}],"predecessor-version":[{"id":31657,"href":"https:\/\/randonnee.ca\/fr\/wp-json\/wp\/v2\/tribe_events\/31647\/revisions\/31657"}],"wp:featuredmedia":[{"embeddable":true,"href":"https:\/\/randonnee.ca\/fr\/wp-json\/wp\/v2\/media\/31645"}],"wp:attachment":[{"href":"https:\/\/randonnee.ca\/fr\/wp-json\/wp\/v2\/media?parent=31647"}],"wp:term":[{"taxonomy":"post_tag","embeddable":true,"href":"https:\/\/randonnee.ca\/fr\/wp-json\/wp\/v2\/tags?post=31647"},{"taxonomy":"tribe_events_cat","embeddable":true,"href":"https:\/\/randonnee.ca\/fr\/wp-json\/wp\/v2\/tribe_events_cat?post=31647"}],"curies":[{"name":"wp","href":"https:\/\/api.w.org\/{rel}","templated":true}]}}

<h2><span style="color: #339933;">Notre-Dame-de-Grace</span></h2>
<h2><span style="color: #339933;">Samedi 2 mai 2026</span></h2>
<p><strong>Heure de rencontre: 10 h</strong><br />
<strong>Durée: Environ 2 heures</strong><br />
<strong>Distance: 4 km</strong><br />
<strong>Point de rencontre: Point de rencontre: Métro Vendôme (rendez-vous devant les tourniquets à la sortie de la bâtisse originale sur le boulevard de Maisonneuve) </strong></p>
<p>Cette marche vous fera découvrir un beau quartier multiethnique où se mêle maisons résidentielles, cafés, boutiques et espaces de verdure. On y trouve aussi le district de Saint-Raymond communément appeler « petite Italie » de Notre-Dame-de-Grace dû a sa population italienne nombreuse et influente. Vous y découvrirez, entre autres, le beau parc Girouard, le Monastère des Pères Dominicains, le Centre de Santé Universitaire McGill (site Glen) et de belles grandes rues où il est agréable de se promener.</p>
<p>Visitez notre <a href="http://randonnee-city1.wikidot.com/" target="_blank" rel="noopener noreferrer">Wiki (Promenades urbaines)</a> pour vous inscrire à la sortie de cette semaine.</p>

<p>Notre-Dame-de-Grace Samedi 2 mai 2026 Heure de rencontre: 10 h Durée: Environ 2 heures Distance: 4 km Point de rencontre: Point de rencontre: Métro Vendôme (rendez-vous devant les tourniquets à la sortie de la bâtisse originale sur le boulevard de Maisonneuve) Cette marche vous fera découvrir un beau quartier multiethnique où se mêle maisons résidentielles, cafés, boutiques et espaces de verdure. On y trouve aussi le district de Saint-Raymond communément appeler « petite Italie » de Notre-Dame-de-Grace dû a sa population italienne nombreuse et influente. Vous y découvrirez, entre autres, le beau parc Girouard, le Monastère des Pères Dominicains, le&#8230; </p>
